
9
What is the ten thousands digit of 69624180?
2
What is the hundred millions digit of 991648029?
9
What is the hundreds digit of 4112198639?
6
What is the hundred thousands digit of 5708944255?
9
What is the ten millions digit of 4688108115?
8
What is the millions digit of 860620846?
0
What is the ten millions digit of 60379593?
6
What is the tens digit of 47713561?
6
What is the hundreds digit of 12902120?
1
What is the hundred thousands digit of 3056971880?
9
What is the hundred thousands digit of 366684787?
6
What is the tens digit of 63511776?
7
What is the tens digit of 334756186?
8
What is the hundreds digit of 159039847?
8
What is the thousands digit of 911107387?
7
What is the hundred thousands digit of 45745050?
7
What is the hundred thousands digit of 5453659207?
6
What is the ten thousands digit of 5091351?
9
What is the units digit of 533497177?
7
What is the thousands digit of 734415926?
5
What is the thousands digit of 466073315?
3
What is the units digit of 3462565476?
6
What is the hundreds digit of 696789936?
9
What is the units digit of 3257038860?
0
What is the tens digit of 704763459?
5
What is the ten millions digit of 4139806060?
3
What is the millions digit of 755573643?
5
What is the hundreds digit of 819439025?
0
What is the ten millions digit of 231155693?
3
What is the hundred thousands digit of 597804657?
8
What is the hundreds digit of 65726632?
6
What is the ten thousands digit of 334337909?
3
What is the ten thousands digit of 863048831?
4
What is the ten thousands digit of 180626593?
2
What is the hundred thousands digit of 1835506013?
5
What is the ten millions digit of 58522719?
5
What is the ten millions digit of 1841106634?
4
What is the ten thousands digit of 140787632?
8
What is the billions digit of 2988575814?
2
What is the hundred thousands digit of 10818849?
8
What is the hundred millions digit of 1439678244?
4
What is the tens digit of 646066493?
9
What is the ten millions digit of 514799383?
1
What is the hundred thousands digit of 16998644?
9
What is the hundred millions digit of 720436782?
7
What is the ten thousands digit of 203920570?
2
What is the thousands digit of 8182443?
2
What is the ten millions digit of 3074860526?
7
What is the ten thousands digit of 25181147?
8
What is the ten thousands digit of 1041391257?
9
What is the ten thousands digit of 101573656?
7
What is the ten millions digit of 3607577655?
0
What is the hundred millions digit of 900041136?
9
What is the ten thousands digit of 41799004?
9
What is the hundred millions digit of 2129227081?
1
What is the units digit of 188374094?
4
What is the tens digit of 56545929?
2
What is the hundred thousands digit of 79744001?
7
What is the hundred millions digit of 279606786?
2
What is the hundreds digit of 26111027?
0
What is the hundreds digit of 126306682?
6
What is the hundreds digit of 5026253?
2
What is the units digit of 5717709852?
2
What is the hundred thousands digit of 60916471?
9
What is the hundred thousands digit of 1034936889?
9
What is the millions digit of 132587080?
2
What is the ten thousands digit of 58628705?
2
What is the hundreds digit of 9111989?
9
What is the units digit of 1056305354?
4
What is the thousands digit of 167266864?
6
What is the ten millions digit of 53051778?
5
What is the thousands digit of 725702044?
2
What is the ten thousands digit of 759270042?
7
What is the millions digit of 59274425?
9
What is the thousands digit of 6911670904?
0
What is the hundred millions digit of 2743762679?
7
What is the hundred millions digit of 2006173757?
0
What is the ten thousands digit of 83247025?
4
What is the units digit of 24955757?
7
What is the ten millions digit of 77820843?
7
What is the units digit of 2617865220?
0
What is the tens digit of 17698326?
2
What is the thousands digit of 342783182?
3
What is the tens digit of 505439884?
8
What is the ten thousands digit of 3107541233?
4
What is the ten millions digit of 692568569?
9
What is the units digit of 75303900?
0
What is the millions digit of 153469278?
3
What is the ten millions digit of 771676776?
7
What is the thousands digit of 1410674088?
4
What is the thousands digit of 377722290?
2
What is the hundred millions digit of 4216408027?
2
What is the tens digit of 184534702?
0
What is the hundred thousands digit of 4108648580?
6
What is the hundred thousands digit of 285140446?
1
What is the units digit of 1042759312?
2
What is the tens digit of 2298499329?
2
What is the tens digit of 1550969250?
5
What is the hundred millions digit of 323100006?
3
What is the millions digit of 233046797?
3
What is the ten millions digit of 212069341?
1
What is the millions digit of 51680983?
1
What is the units digit of 154437835?
5
What is the units digit of 65552330?
0
What is the thousands digit of 679145572?
5
What is the ten millions digit of 215980005?
1
What is the tens digit of 53997382?
8
What is the ten thousands digit of 464344235?
4
What is the hundred thousands digit of 921450995?
4
What is the units digit of 343350438?
8
What is the units digit of 1901863721?
1
What is the ten thousands digit of 778400485?
0
What is the millions digit of 6169518003?
9
What is the billions digit of 1343361234?
1
What is the thousands digit of 546064056?
4
What is the hundred thousands digit of 70597933?
5
What is the units digit of 498085459?
9
What is the millions digit of 60474160?
0
What is the ten millions digit of 1884231256?
8
What is the units digit of 8337483?
3
What is the ten thousands digit of 3519651918?
5
What is the thousands digit of 56555189?
5
What is the units digit of 488404784?
4
What is the hundreds digit of 653419765?
7
What is the thousands digit of 1436689?
6
What is the tens digit of 49433336?
3
What is the ten thousands digit of 21439887?
3
What is the millions digit of 1231843412?
1
What is the thousands digit of 119107929?
7
What is the hundreds digit of 71091820?
8
What is the tens digit of 106889388?
8
What is the units digit of 44446713?
3
What is the hundred thousands digit of 34496193?
4
What is the thousands digit of 1679067881?
7
What is the units digit of 763105340?
0
What is the ten thousands digit of 50953373?
5
What is the units digit of 193507603?
3
What is the millions digit of 923501238?
3
What is the millions digit of 49381438?
9
What is the ten thousands digit of 58778547?
7
What is the thousands digit of 58324406?
4
What is the hundred thousands digit of 200055583?
0
What is the hundred thousands digit of 113854866?
8
What is the units digit of 984233898?
8
What is the thousands digit of 3828423?
8
What is the thousands digit of 945929147?
9
What is the units digit of 463026041?
1
What is the tens digit of 62637321?
2
What is the ten millions digit of 885718794?
8
What is the thousands digit of 30436806?
6
What is the units digit of 245865877?
7
What is the hundred thousands digit of 31691246?
6
What is the thousands digit of 41736497?
6
What is the hundreds digit of 184268971?
9
What is the thousands digit of 312850406?
0
What is the millions digit of 31991814?
1
What is the ten thousands digit of 1982614909?
1
What is the units digit of 3587685009?
9
What is the tens digit of 87994383?
8
What is the thousands digit of 4680786592?
6
What is the hundred thousands digit of 31859137?
8
What is the hundreds digit of 68887555?
5
What is the ten millions digit of 2501539280?
0
What is the ten thousands digit of 46142258?
4
What is the millions digit of 2244652998?
4
What is the tens digit of 70429117?
1
What is the millions digit of 99074872?
9
What is the hundreds digit of 172591041?
0
What is the hundred thousands digit of 61232692?
2
What is the units digit of 2670492314?
4
What is the units digit of 44188024?
4
What is the billions digit of 8321035426?
8
What is the tens digit of 335435734?
3
What is the hundreds digit of 793186380?
3
What is the ten millions digit of 1348326319?
4
What is the millions digit of 56193958?
6
What is the thousands digit of 555213452?
3
What is the thousands digit of 1498223264?
3
What is the ten thousands digit of 161929392?
2
What is the ten thousands digit of 1634511?
3
What is the thousands digit of 30305230?
5
What is the ten millions digit of 4484096243?
8
What is the millions digit of